{"id":20,"date":"2021-04-19T19:00:25","date_gmt":"2021-04-19T19:00:25","guid":{"rendered":"https:\/\/valleeduthore-environnement.org\/?page_id=20"},"modified":"2025-12-03T15:01:03","modified_gmt":"2025-12-03T15:01:03","slug":"vallee-du-thore-environnement","status":"publish","type":"page","link":"https:\/\/valleeduthore-environnement.org\/","title":{"rendered":"Bienvenue \u00e0 Vall\u00e9e du Thor\u00e9 Environnement"},"content":{"rendered":"<p style=\"text-align: justify;\"><img loading=\"lazy\" decoding=\"async\" class=\"alignnone wp-image-901 size-full\" src=\"https:\/\/valleeduthore-environnement.org\/wp-content\/uploads\/2024\/01\/IMG_20231123_085954_667-1-scaled.jpg\" alt=\"\" width=\"2560\" height=\"1368\" srcset=\"https:\/\/valleeduthore-environnement.org\/wp-content\/uploads\/2024\/01\/IMG_20231123_085954_667-1-scaled.jpg 2560w, https:\/\/valleeduthore-environnement.org\/wp-content\/uploads\/2024\/01\/IMG_20231123_085954_667-1-300x160.jpg 300w, https:\/\/valleeduthore-environnement.org\/wp-content\/uploads\/2024\/01\/IMG_20231123_085954_667-1-1024x547.jpg 1024w, https:\/\/valleeduthore-environnement.org\/wp-content\/uploads\/2024\/01\/IMG_20231123_085954_667-1-768x410.jpg 768w, https:\/\/valleeduthore-environnement.org\/wp-content\/uploads\/2024\/01\/IMG_20231123_085954_667-1-1536x821.jpg 1536w, https:\/\/valleeduthore-environnement.org\/wp-content\/uploads\/2024\/01\/IMG_20231123_085954_667-1-2048x1094.jpg 2048w, https:\/\/valleeduthore-environnement.org\/wp-content\/uploads\/2024\/01\/IMG_20231123_085954_667-1-750x401.jpg 750w\" sizes=\"auto, (max-width: 2560px) 100vw, 2560px\" \/><\/p>\n<p data-start=\"544\" data-end=\"731\"><span style=\"font-size: 18px;\"><strong><span class=\"fontstyle0\">Ensemble, agissons pour une vall\u00e9e vivante, saine et durable !<\/span><\/strong><\/span><\/p>\n<p data-start=\"544\" data-end=\"731\"><span class=\"fontstyle0\">Notre objectif est <\/span><span class=\"fontstyle2\">d\u2019\u0153uvrer \u00e0 la promotion des activit\u00e9s respectueuses des \u00e9quilibres naturels et humains dans la vall\u00e9e du Thor\u00e9<\/span><span class=\"fontstyle0\">. <\/span>Les actions que nous menons visent \u00e0 sensibiliser nos concitoyens au lien \u00e9troit entre la qualit\u00e9 de leur cadre de vie, leur sant\u00e9 et celle de l\u2019environnement que nous partageons.<\/p>\n<p data-start=\"544\" data-end=\"731\">Nous sommes convaincus qu\u2019un d\u00e9veloppement \u00e9conomique durable et respectueux de l\u2019environnement est essentiel pour l\u2019avenir de notre territoire. Pour pr\u00e9server ce bien commun qu\u2019est la vall\u00e9e du Thor\u00e9, il est indispensable que chacun prenne conscience des grands enjeux \u00e9cologiques actuels <span class=\"fontstyle0\">que sont, la quantit\u00e9 et qualit\u00e9 de la ressource en eau, la qualit\u00e9 de l\u2019air, la pr\u00e9servation des sols et la p\u00e9rennit\u00e9 de la biodiversit\u00e9.\u00a0<\/span><\/p>\n<p>&nbsp;<\/p>\n","protected":false},"excerpt":{"rendered":"<p>Ensemble, agissons pour une vall\u00e9e vivante, saine et durable ! Notre objectif est d\u2019\u0153uvrer \u00e0 la promotion des activit\u00e9s respectueuses des \u00e9quilibres naturels et humains dans la vall\u00e9e du Thor\u00e9. Les actions que nous menons visent \u00e0 sensibiliser nos concitoyens au lien \u00e9troit entre la qualit\u00e9 de leur cadre de vie, leur sant\u00e9 et celle &hellip; <\/p>\n<p><a class=\"more-link btn\" href=\"https:\/\/valleeduthore-environnement.org\/\">Lire la suite<\/a><\/p>\n","protected":false},"author":1,"featured_media":0,"parent":0,"menu_order":0,"comment_status":"closed","ping_status":"closed","template":"","meta":{"footnotes":""},"class_list":["post-20","page","type-page","status-publish","hentry","nodate","item-wrap"],"_links":{"self":[{"href":"https:\/\/valleeduthore-environnement.org\/index.php?rest_route=\/wp\/v2\/pages\/20","targetHints":{"allow":["GET"]}}],"collection":[{"href":"https:\/\/valleeduthore-environnement.org\/index.php?rest_route=\/wp\/v2\/pages"}],"about":[{"href":"https:\/\/valleeduthore-environnement.org\/index.php?rest_route=\/wp\/v2\/types\/page"}],"author":[{"embeddable":true,"href":"https:\/\/valleeduthore-environnement.org\/index.php?rest_route=\/wp\/v2\/users\/1"}],"replies":[{"embeddable":true,"href":"https:\/\/valleeduthore-environnement.org\/index.php?rest_route=%2Fwp%2Fv2%2Fcomments&post=20"}],"version-history":[{"count":5,"href":"https:\/\/valleeduthore-environnement.org\/index.php?rest_route=\/wp\/v2\/pages\/20\/revisions"}],"predecessor-version":[{"id":1562,"href":"https:\/\/valleeduthore-environnement.org\/index.php?rest_route=\/wp\/v2\/pages\/20\/revisions\/1562"}],"wp:attachment":[{"href":"https:\/\/valleeduthore-environnement.org\/index.php?rest_route=%2Fwp%2Fv2%2Fmedia&parent=20"}],"curies":[{"name":"wp","href":"https:\/\/api.w.org\/{rel}","templated":true}]}}